lse
Let t = 6 + -8. Let b be -4*(t - 3/(-4)). Suppose 2*p - 3*k - 43 = 0, b*p + 4*k = 98 + 21. Is p a composite number?
False
Let s = 345 + 126. Is s a prime number?
False
Let x = -55 - -144. Let a = x - -79. Suppose -5*d + 160 = 2*f, 0*f = 2*f + d - a. Is f composite?
True
Let n be (-3)/(-6) - 7/(-2). Let o(t) = t**3 + 7*t**2 + 5*t - 5. Let a be o(-6). Suppose -f = a - n. Is f prime?
True
Let d be (-8)/(-3)*(-2 + 125). Let j = -143 + d. Is j a prime number?
False
Let n be 6/21 - 108/(-14). Suppose 3*o - n = 4. Suppose -o*f = -9*f + 395. Is f composite?
False
Let z = -121 - -67. Let q(p) = 10*p**3 - 3*p**2 - 3*p - 3. Let d be q(-2). Let i = z - d. Is i a prime number?
False
Let o(l) be the third derivative of l**6/120 - l**5/12 - l**4/6 + 3*l**3/2 - 5*l**2. Is o(6) a prime number?
False
Let z = -20 + 23. Suppose -175 = -3*h + 2*u, -h + u + z = -57. Is h composite?
True
Let f = 4 + -2. Let h(o) = 53*o**2 + 4*o - 3. Is h(f) prime?
False
Let m = -6 - -13. Let n(x) = 4*x - 7. Is n(m) prime?
False
Suppose 2*o + 4*n - 3 + 15 = 0, 5*n + 12 = -2*o. Let f = 201 - o. Suppose -r + f = 2*r. Is r composite?
True
Let v(f) = -58*f + 3. Let o(z) = -117*z + 7. Let c(a) = 2*o(a) - 5*v(a). Let d(j) = -6*j - 38. Let p be d(-7). Is c(p) a prime number?
True
Suppose 54*h = 51*h + 1065. Is h composite?
True
Let h = -1027 + 1790. Is h a composite number?
True
Suppose 3*q = 3, -q + 101 - 25 = 3*o. Let f be 10/o + 2/(-5). Suppose -46 = -b - f*c + 4*c, 138 = 3*b + 4*c. Is b a composite number?
True
Let g = 685 - 323. Is g a prime number?
False
Let q = -1305 + 1946. Is q composite?
False
Suppose 0*g = 5*g - 10. Suppose -g*z - 5*k + 19 = 3, k = 4*z - 54. Let p = -6 + z. Is p a prime number?
True
Let r be 4/(-6) + 22/6. Suppose 4*t = -2*c - 12, 2*c = -r*c - t + 15. Suppose 7*x - 165 = c*x. Is x prime?
False
Let i(g) = 6*g. Let r be i(-1). Let v(z) = 3*z**2 + 8*z + 9. Let p be v(r). Suppose x - p = -2*x. Is x a composite number?
False
Let i(a) be the third derivative of 0*a**3 + 0 + 2*a**2 - 1/6*a**4 + 0*a + 1/20*a**5. Is i(5) composite?
True
Let t(o) = o**3 + 4*o**2 - o**3 + o + o - 6 - o**3. Let h be t(4). Let i = 6 - h. Is i prime?
False
Suppose 0 = -5*u + 15, 2*g + u = -2*u + 2239. Is g a composite number?
True
Let p be (-9)/2 + 9/6. Is (435/3 - 1) + p a composite number?
True
Suppose -9741 = -4*r + 24223. Is r prime?
False
Suppose -c + 4*l + 24 = 0, -2*c + 3*l = -15 - 43. Suppose 2*b - c - 194 = 0. Is b a composite number?
False
Let z(x) = -x**2 + 3*x - 2. Let j be z(2). Let n be j/(-2 - (1 + -2)). Suppose 2*b - 468 + 62 = n. Is b a prime number?
False
Let g(o) = 6*o + 2 - 5 - 9*o**2 + 3*o**2 - o**3 + 10. Let y be g(-7). Suppose 3*c + y = 47. Is c a prime number?
True
Let z(k) = -3*k**3 + 6*k**2 - k + 8. Let d be z(-6). Suppose r - l - 292 = 0, -l - d = r - 4*r. Is r a prime number?
True
Suppose 4*m - m - 24 = 0. Suppose 3*g - 54 = -0*g. Let c = g - m. Is c a prime number?
False
Suppose -5*f + 9147 + 2023 = 0. Suppose 3*a = a + f. Is a prime?
True
Let s = -237 - -1. Let p = 331 + s. Is p composite?
True
Let t = -133 - -216. Is t composite?
False
Let v(i) = i + 20. Let n be 2/9 + (-119)/9. Is v(n) a prime number?
True
Let v = -266 - 231. Suppose 5*a - 4*d + 697 + 473 = 0, a + 243 = -d. Let l = a - v. Is l composite?
True
Suppose 0*q + 2*q = 4. Suppose q*i - 6*i = -16. Is (-42)/(-4)*(i + -2) prime?
False
Suppose 3*g - 2 = 4*o - 0*o, 0 = -5*g + 2*o + 8. Suppose -y - 2*z = 6, -2*y = g*y + 2*z - 6. Suppose 7 = y*u - 141. Is u prime?
True
Let y(u) = -u**2 - 7*u - 8. Let j be y(-7). Let i(o) = -3*o**2 - 3*o - 7. Let t be i(j). Let l = t + 320. Is l prime?
False
Let s(m) = 177*m**2 - m + 1. Let k be s(1). Suppose n + 90 = -34. Let o = k + n. Is o a composite number?
False
Let h(p) = p**2 + 993. Is h(0) composite?
True
Suppose 3*g = 4*g. Suppose g = -4*v - 14 - 6. Is (-3)/v - 448/(-20) composite?
False
Is 9*(-1)/(-3) - -92 composite?
True
Is 543 + (-4)/(4/(-12)*-6) composite?
False
Let p = -654 - -1143. Is p prime?
False
Suppose -n + 4*n = 45. Let p(o) = 2*o - 3. Let h be p(2). Is n - 0 - (h - -1) a prime number?
True
Suppose -5*y + 18 = -o + 2*o, 3*o - 3*y = 0. Suppose -o*k + 427 = -32. Suppose -w + k - 7 = 4*x, -5*x = 2*w - 181. Is x a composite number?
False
Suppose -3*g + 15 = -3. Is 3/g + (-177)/(-2) composite?
False
Let x be 1/3 + (-261)/(-27). Is ((-130)/4)/((-5)/x) a composite number?
True
Let a be (-2)/(2/9*-3). Let w(n) = 25*n + 3 + 0 - 1. Is w(a) prime?
False
Let r(c) = -9*c - 10. Let o = 3 - 14. Is r(o) prime?
True
Let y = -3364 - -4761. Is y prime?
False
Suppose -4*j + 3*p = 8*p - 1412, -3*p + 1778 = 5*j. Is j composite?
True
Let f(k) = k**2 - 5*k + 4. Let c be 132/20 - (-4)/10. Let b be f(c). Let s = b + -11. Is s a prime number?
True
Suppose 519 = j - 190. Is j a prime number?
True
Let i = 1837 + -1206. Is i composite?
False
Let s(h) = -3*h**3 + 11*h**2 - 11*h + 229. Let q(n) = -n**3 + 4*n**2 - 4*n + 76. Let p(r) = -8*q(r) + 3*s(r). Is p(0) prime?
True
Suppose 4*m = 22 - 14. Is m composite?
False
Suppose 4*l + 310 = f, -4*f + l + 362 + 833 = 0. Is f a composite number?
True
Let d = 249 + 82. Is d a composite number?
False
Suppose -22888 = -7*a - a. Is a a composite number?
False
Let b(n) = n + 14. Let g be b(-12). Suppose 2*v + 34 = c + c, 5*c - 97 = g*v. Is c a prime number?
False
Let x(l) = 1716*l**2 + 5*l + 6. Is x(-1) a prime number?
False
Is ((1 + 0)*2 - -2214) + 3 a composite number?
True
Suppose 2*n = 4*p + 1148 + 146, p - 1299 = -2*n. Is n a composite number?
True
Suppose 0 = 4*m - 5*s - 243, 4*s = 6*m - m - 297. Suppose -4*h = -h - m. Is h composite?
False
Suppose 0 = -2*a + 158 + 356. Is a a prime number?
True
Let a(g) = -g**2 - 5*g + 3. Let k be a(-6). Is (1 - -2)/(k/(-46)) prime?
False
Let s be (0 - 1) + 0 + -8. Let d(q) = -8*q**2 - 6*q - 1. Let t(r) = -16*r**2 - 13*r - 2. Let a(v) = s*d(v) + 4*t(v). Is a(2) composite?
False
Suppose 2*w = 3*w - 5. Suppose -f + 121 = n, w*n - 581 = 2*f + f. Is n a prime number?
False
Let p be (67/(-2))/(2/(-8)). Suppose 3*q + v = -2*q + 14, 0 = 3*q + v - 8. Suppose q*z - z - p = 0. Is z a composite number?
False
Let w = 2 + 0. Suppose 0 = w*r - 230 + 18. Is r a prime number?
False
Suppose 3*k + v = 9, -3*v = 2*k - 2 - 4. Suppose k*b - 1325 = -2*b. Is b a composite number?
True
Let i(z) = -z + 13. Let j be i(9). Let m(x) be the first derivative of 2*x**3 - 2*x**2 - x + 1. Is m(j) a prime number?
True
Let x(r) = -7*r**2 + 5*r - 9 + r**3 + 0*r + r**3. Is x(6) a prime number?
False
Suppose -7 = 2*n + 9. Is n/(-12) + 345/9 a composite number?
True
Suppose -2*p - 15 = -k, 3*k + 2*p = 6*k - 41. Is k a prime number?
True
Let f(v) = -v**3 + 2*v**2 - 2*v - 1. Is f(-2) prime?
True
Let b(x) = -x**3 + 8*x**2 + 8*x - 12. Let s be b(8). Suppose i = -i + 2*v + s, 4*v = 0. Is i composite?
True
Let c(x) = x**3 + 5*x**2 - 4*x - 2. Let y be c(-5). Let w = y - 12. Is (-2)/(4/w) - -56 a composite number?
False
Let a(u) = -2*u**3 - 4*u**2 - 4*u - 4. Let f be a(-6). Suppose 2*g - f = -2*g. Is g composite?
True
Let w be 2 + -12 - -3 - 2. Is (w + 6)*(-85)/3 prime?
False
Let h(g) = 30*g**2 + 2*g + 3. Let i = 6 + -8. Is h(i) prime?
False
Suppose n + 0*n + 5*h - 26 = 0, -5*h + 67 = 2*n. Let y = n + 78. Is y composite?
True
Let k = -6 + 11. Suppose 5*n - 90 = -5*v, -k*n + v = 2*v - 110. Is n prime?
True
Let b(l) = -l**3 - 7*l**2 + 5*l - 11. Let h be b(-9). Suppose 4*y = 2*o - h, 0 = 4*o - o - y - 159. Is o a composite number?
False
Let y(p) = 14*p**2 + 4*p - 29. Is y(-9) a composite number?
False
Suppose -5 = c - 2*b, 0 = -3*c + 4*b - 17. Is ((-6)/(-14) + -1)*c a prime number?
False
Let g(q) = -53*q**3 + q**2 + 4*q - 3. Let x be g(2). Let v = -258 - x. Is v composite?
False
Suppose 5*o = 15 - 40. Is 1 + 40 + 3 + o prime?
False
Let v = -8 + 8. Suppose -a + 0*a + 31 = v. Is a prime?
True
Suppose g - 3 = -7. Let o(x) = -2*x**3 - 2*x**2 + 3*x - 1. Is o(g) prime?
True
Let a be 4 + -3 + 2/1. Suppose 2*h - 3*h + 132 = -a*f, 0 = -4*h - f + 489. Is h a prime number?
False
Let b(l) = 2*l**2 - 4*l + 3. Let k be b(2). Suppose k*g = 44 + 55. Is g a composite number?
True
Suppose 0 = 5*a - 2 + 17. Is (-6054)/(-18) + (-2)/a a composite number?
False
Suppose 266 = -5*t - 0*y - 3*y, 4*y = 5*t + 287. Let b = t - -101. Is b a composite number?
True
Let h(z) = z*